{"id":326,"date":"2023-11-03T13:00:28","date_gmt":"2023-11-03T12:00:28","guid":{"rendered":"https:\/\/la-remise.ch\/che-cose-larteterapia\/"},"modified":"2024-05-31T17:55:36","modified_gmt":"2024-05-31T15:55:36","slug":"che-cose-larteterapia","status":"publish","type":"page","link":"https:\/\/la-remise.ch\/it\/che-cose-larteterapia\/","title":{"rendered":"Che cos&#8217;\u00e8 l&#8217;arteterapia?"},"content":{"rendered":"\n<div class=\"wp-block-columns is-layout-flex wp-container-core-columns-is-layout-9d6595d7 wp-block-columns-is-layout-flex\">\n<div class=\"wp-block-column is-layout-flow wp-block-column-is-layout-flow\">\n<p>L&#8217;arteterapia \u00e8 un approccio terapeutico che utilizza le mediazioni artistiche per esprimersi in modo alternativo alle parole.<\/p>\n\n\n\n<p>Le teorie psicodinamiche, gli approcci umanistici e la filosofia fenomenologica sono i principi su cui si basa.<\/p>\n\n\n\n<p>Il lavoro in arteterapia segue 3 assi: il processo creativo (il percorso che la persona compie per realizzare&nbsp;un manufatto), la produzione artistica (il vettore della comunicazione) e il dialogo (la relazione che si sviluppa tra paziente e terapeuta e il legame tra il paziente e la sua produzione artistica).<br><a href=\"https:\/\/apsat.ch\/art-therapie\/\" target=\"_blank\" rel=\"noreferrer noopener\">Fonte: apsat.ch.<\/a><\/p>\n\n\n\n<p>L\u2019arteterapeuta accompagna il processo creativo e l\u2019uso delle varie mediazioni disponibili.<\/p>\n\n\n\n<p>L\u2019arteterapia non pretende di curare una patologia, ma permette di aiutare a contattare le risorse di una persona che soffre.<\/p>\n\n\n\n<p>L\u2019arteterapia non autorizza alcuna diagnosi o interpretazione e rispetta la libert\u00e0 di espressione del soggetto.<\/p>\n\n\n\n<p>Non sono richieste n\u00e9 competenze artistiche n\u00e9 abilit\u00e0 particolari in questo campo.<\/p>\n\n\n\n<h3 class=\"wp-block-heading\">I benefici dell&#8217;arteterapia<\/h3>\n\n\n\n<p>L\u2019arteterapia stimola il contatto con le funzioni superiori del cervello di cui si pu\u00f2 essere consapevoli come: sensazioni, pensieri, intuizioni, ragione, memoria e volont\u00e0, e favorisce anche l\u2019avvicinamento alla dimensione pi\u00f9 profonda della psiche ovvero l\u2019inconscio.<\/p>\n\n\n\n<p>Facilita l\u2019espressione del proprio mondo interiore.<\/p>\n\n\n\n<p>Consente il passaggio dal mondo concreto a quello simbolico.<\/p>\n\n\n\n<p>Attiva un modo di pensare divergente, capace di sviluppare soluzioni creative ad un problema.<\/p>\n\n\n\n<p>Porta nuove visioni di s\u00e9.<\/p>\n\n\n\n<p>Aiuta ad identificare le proprie risorse e capacit\u00e0.<\/p>\n\n\n\n<p>Migliora l\u2019autostima.<\/p>\n\n\n\n<p>Integra le emozioni e le esperienze di vita.<\/p>\n\n\n\n<p>Sviluppa la comunicazione interpersonale.<\/p>\n\n\n\n<p>Ripristina la qualit\u00e0 della vita.<\/p>\n\n\n\n<p>Aiuta a rilassarsi grazie al gioco coi materiali.<\/p>\n\n\n\n<p>Permette una presa di distanza da un vissuto di sofferenza per dargli senso.<\/p>\n\n\n\n<h3 class=\"wp-block-heading\">Aree d&#8217;intervento<\/h3>\n\n\n\n<p>L\u2019arteterapia tocca molteplici dimensioni dell\u2019esperienza umana.<\/p>\n\n\n\n<p><strong><em>Emotiva<\/em><\/strong> (sentimenti, stati d\u2019animo, emozioni).<\/p>\n\n\n\n<p><strong><em>Fisica<\/em><\/strong> (fisiologia, sensazioni, percezioni).<\/p>\n\n\n\n<p><strong><em>Comportamentale<\/em><\/strong> (azioni, atteggiamenti).<\/p>\n\n\n\n<p><strong><em>Cognitiva<\/em><\/strong> (pensieri, convinzioni).<\/p>\n\n\n\n<p><strong><em>Esistenziale<\/em>&nbsp;<\/strong>I grandi temi della vita, come la morte, la libert\u00e0, l\u2019amore, la solitudine e la felicit\u00e0.<\/p>\n\n\n\n<p>A La Remise bambini, adolescenti e adulti sono accompagnati nelle aree della riabilitazione, dello sviluppo personale e nel campo terapeutico per:<\/p>\n\n\n\n<p>attraversare un evento doloroso, uno stress o una perdita (lutto, divorzio, licenziamento, ecc.).<\/p>\n\n\n\n<p>superare conflitti cronici (personali o professionali).<\/p>\n\n\n\n<p>superare una transizione difficile (parto, adolescenza\u2026).<\/p>\n\n\n\n<p>prevenire lo sviluppo di disturbi gi\u00e0 esistenti.<\/p>\n\n\n\n<p>lavorare per ripristinare la fiducia in se stessi nella sfera professionale o personale.<\/p>\n<\/div>\n\n\n\n<div class=\"wp-block-column is-layout-flow wp-block-column-is-layout-flow\">\n<figure class=\"wp-block-image size-full is-resized\"><img loading=\"lazy\" decoding=\"async\" width=\"1920\" height=\"1079\" src=\"https:\/\/la-remise.ch\/wp-content\/uploads\/2023\/11\/qu-est-ce-art-therapie.jpg\" alt=\"\" class=\"wp-image-263\" style=\"width:480px\" srcset=\"https:\/\/la-remise.ch\/wp-content\/uploads\/2023\/11\/qu-est-ce-art-therapie.jpg 1920w, https:\/\/la-remise.ch\/wp-content\/uploads\/2023\/11\/qu-est-ce-art-therapie-384x216.jpg 384w, https:\/\/la-remise.ch\/wp-content\/uploads\/2023\/11\/qu-est-ce-art-therapie-208x117.jpg 208w, https:\/\/la-remise.ch\/wp-content\/uploads\/2023\/11\/qu-est-ce-art-therapie-768x432.jpg 768w, https:\/\/la-remise.ch\/wp-content\/uploads\/2023\/11\/qu-est-ce-art-therapie-1536x863.jpg 1536w\" sizes=\"auto, (max-width: 1920px) 100vw, 1920px\" \/><\/figure>\n<\/div>\n<\/div>\n","protected":false},"excerpt":{"rendered":"<p>L&#8217;arteterapia \u00e8 un approccio terapeutico che utilizza le mediazioni artistiche per esprimersi in modo alternativo alle parole. Le teorie psicodinamiche, gli approcci umanistici e la filosofia fenomenologica sono i principi su cui si basa. Il lavoro in arteterapia segue 3 assi: il processo creativo (il percorso che la persona compie per realizzare&nbsp;un manufatto), la produzione &#8230; <\/p>\n<p class=\"read-more-container\"><a title=\"Che cos&#8217;\u00e8 l&#8217;arteterapia?\" class=\"read-more button\" href=\"https:\/\/la-remise.ch\/it\/che-cose-larteterapia\/#more-326\" aria-label=\"Per saperne di pi\u00f9 su Che cos&#8217;\u00e8 l&#8217;arteterapia?\">Leggi tutto<\/a><\/p>\n","protected":false},"author":1,"featured_media":0,"parent":0,"menu_order":0,"comment_status":"closed","ping_status":"closed","template":"","meta":{"footnotes":""},"class_list":["post-326","page","type-page","status-publish"],"_links":{"self":[{"href":"https:\/\/la-remise.ch\/it\/wp-json\/wp\/v2\/pages\/326","targetHints":{"allow":["GET"]}}],"collection":[{"href":"https:\/\/la-remise.ch\/it\/wp-json\/wp\/v2\/pages"}],"about":[{"href":"https:\/\/la-remise.ch\/it\/wp-json\/wp\/v2\/types\/page"}],"author":[{"embeddable":true,"href":"https:\/\/la-remise.ch\/it\/wp-json\/wp\/v2\/users\/1"}],"replies":[{"embeddable":true,"href":"https:\/\/la-remise.ch\/it\/wp-json\/wp\/v2\/comments?post=326"}],"version-history":[{"count":29,"href":"https:\/\/la-remise.ch\/it\/wp-json\/wp\/v2\/pages\/326\/revisions"}],"predecessor-version":[{"id":720,"href":"https:\/\/la-remise.ch\/it\/wp-json\/wp\/v2\/pages\/326\/revisions\/720"}],"wp:attachment":[{"href":"https:\/\/la-remise.ch\/it\/wp-json\/wp\/v2\/media?parent=326"}],"curies":[{"name":"wp","href":"https:\/\/api.w.org\/{rel}","templated":true}]}}

Che cos&#8217;è l&#8217;arteterapia?

<div class="wp-block-columns is-layout-flex wp-container-core-columns-is-layout-9d6595d7 wp-block-columns-is-layout-flex">
<div class="wp-block-column is-layout-flow wp-block-column-is-layout-flow">
<p>L&#8217;arteterapia è un approccio terapeutico che utilizza le mediazioni artistiche per esprimersi in modo alternativo alle parole.</p>



<p>Le teorie psicodinamiche, gli approcci umanistici e la filosofia fenomenologica sono i principi su cui si basa.</p>



<p>Il lavoro in arteterapia segue 3 assi: il processo creativo (il percorso che la persona compie per realizzare&nbsp;un manufatto), la produzione artistica (il vettore della comunicazione) e il dialogo (la relazione che si sviluppa tra paziente e terapeuta e il legame tra il paziente e la sua produzione artistica).<br><a href="https://apsat.ch/art-therapie/" target="_blank" rel="noreferrer noopener">Fonte: apsat.ch.</a></p>



<p>L’arteterapeuta accompagna il processo creativo e l’uso delle varie mediazioni disponibili.</p>



<p>L’arteterapia non pretende di curare una patologia, ma permette di aiutare a contattare le risorse di una persona che soffre.</p>



<p>L’arteterapia non autorizza alcuna diagnosi o interpretazione e rispetta la libertà di espressione del soggetto.</p>



<p>Non sono richieste né competenze artistiche né abilità particolari in questo campo.</p>



<h3 class="wp-block-heading">I benefici dell&#8217;arteterapia</h3>



<p>L’arteterapia stimola il contatto con le funzioni superiori del cervello di cui si può essere consapevoli come: sensazioni, pensieri, intuizioni, ragione, memoria e volontà, e favorisce anche l’avvicinamento alla dimensione più profonda della psiche ovvero l’inconscio.</p>



<p>Facilita l’espressione del proprio mondo interiore.</p>



<p>Consente il passaggio dal mondo concreto a quello simbolico.</p>



<p>Attiva un modo di pensare divergente, capace di sviluppare soluzioni creative ad un problema.</p>



<p>Porta nuove visioni di sé.</p>



<p>Aiuta ad identificare le proprie risorse e capacità.</p>



<p>Migliora l’autostima.</p>



<p>Integra le emozioni e le esperienze di vita.</p>



<p>Sviluppa la comunicazione interpersonale.</p>



<p>Ripristina la qualità della vita.</p>



<p>Aiuta a rilassarsi grazie al gioco coi materiali.</p>



<p>Permette una presa di distanza da un vissuto di sofferenza per dargli senso.</p>



<h3 class="wp-block-heading">Aree d&#8217;intervento</h3>



<p>L’arteterapia tocca molteplici dimensioni dell’esperienza umana.</p>



<p><strong><em>Emotiva</em></strong> (sentimenti, stati d’animo, emozioni).</p>



<p><strong><em>Fisica</em></strong> (fisiologia, sensazioni, percezioni).</p>



<p><strong><em>Comportamentale</em></strong> (azioni, atteggiamenti).</p>



<p><strong><em>Cognitiva</em></strong> (pensieri, convinzioni).</p>



<p><strong><em>Esistenziale</em>&nbsp;</strong>I grandi temi della vita, come la morte, la libertà, l’amore, la solitudine e la felicità.</p>



<p>A La Remise bambini, adolescenti e adulti sono accompagnati nelle aree della riabilitazione, dello sviluppo personale e nel campo terapeutico per:</p>



<p>attraversare un evento doloroso, uno stress o una perdita (lutto, divorzio, licenziamento, ecc.).</p>



<p>superare conflitti cronici (personali o professionali).</p>



<p>superare una transizione difficile (parto, adolescenza…).</p>



<p>prevenire lo sviluppo di disturbi già esistenti.</p>



<p>lavorare per ripristinare la fiducia in se stessi nella sfera professionale o personale.</p>
</div>



<div class="wp-block-column is-layout-flow wp-block-column-is-layout-flow">
<figure class="wp-block-image size-full is-resized"><img loading="lazy" decoding="async" width="1920" height="1079" src="https://la-remise.ch/wp-content/uploads/2023/11/qu-est-ce-art-therapie.jpg" alt="" class="wp-image-263" style="width:480px" srcset="https://la-remise.ch/wp-content/uploads/2023/11/qu-est-ce-art-therapie.jpg 1920w, https://la-remise.ch/wp-content/uploads/2023/11/qu-est-ce-art-therapie-384x216.jpg 384w, https://la-remise.ch/wp-content/uploads/2023/11/qu-est-ce-art-therapie-208x117.jpg 208w, https://la-remise.ch/wp-content/uploads/2023/11/qu-est-ce-art-therapie-768x432.jpg 768w, https://la-remise.ch/wp-content/uploads/2023/11/qu-est-ce-art-therapie-1536x863.jpg 1536w" sizes="auto, (max-width: 1920px) 100vw, 1920px" /></figure>
</div>
</div>

<p>L&#8217;arteterapia è un approccio terapeutico che utilizza le mediazioni artistiche per esprimersi in modo alternativo alle parole. Le teorie psicodinamiche, gli approcci umanistici e la filosofia fenomenologica sono i principi su cui si basa. Il lavoro in arteterapia segue 3 assi: il processo creativo (il percorso che la persona compie per realizzare&nbsp;un manufatto), la produzione &#8230; </p>
<p class="read-more-container"><a title="Che cos&#8217;è l&#8217;arteterapia?" class="read-more button" href="https://la-remise.ch/it/che-cose-larteterapia/#more-326" aria-label="Per saperne di più su Che cos&#8217;è l&#8217;arteterapia?">Leggi tutto</a></p>
